ds digit of 4440507?
5
What is the ten thousands digit of 1207251?
0
What is the ten thousands digit of 1228002?
2
What is the millions digit of 2285643?
2
What is the hundreds digit of 671513?
5
What is the tens digit of 1144775?
7
What is the ten thousands digit of 3702543?
0
What is the ten thousands digit of 4850814?
5
What is the hundreds digit of 402175?
1
What is the hundreds digit of 15220098?
0
What is the tens digit of 8386696?
9
What is the hundreds digit of 99084?
0
What is the ten thousands digit of 19115376?
1
What is the units digit of 6383054?
4
What is the tens digit of 519653?
5
What is the ten thousands digit of 285083?
8
What is the hundreds digit of 3362450?
4
What is the tens digit of 150667?
6
What is the units digit of 249999?
9
What is the ten thousands digit of 246295?
4
What is the thousands digit of 307504?
7
What is the units digit of 5035059?
9
What is the thousands digit of 331625?
1
What is the hundreds digit of 367561?
5
What is the thousands digit of 309079?
9
What is the ten thousands digit of 23101830?
0
What is the ten thousands digit of 242499?
4
What is the thousands digit of 408028?
8
What is the units digit of 5682857?
7
What is the hundreds digit of 259610?
6
What is the units digit of 2578544?
4
What is the units digit of 18969820?
0
What is the thousands digit of 33966747?
6
What is the units digit of 163827?
7
What is the ten thousands digit of 186545?
8
What is the hundred thousands digit of 6145480?
1
What is the millions digit of 3259666?
3
What is the hundred thousands digit of 15933312?
9
What is the thousands digit of 12188535?
8
What is the ten thousands digit of 356014?
5
What is the hundreds digit of 37007866?
8
What is the ten thousands digit of 792768?
9
What is the thousands digit of 137414?
7
What is the hundred thousands digit of 2950586?
9
What is the hundred thousands digit of 551973?
5
What is the units digit of 1363900?
0
What is the ten thousands digit of 454367?
5
What is the ten thousands digit of 2900764?
0
What is the hundreds digit of 285585?
5
What is the units digit of 2078197?
7
What is the thousands digit of 10013458?
3
What is the hundred thousands digit of 5472560?
4
What is the hundred thousands digit of 590072?
5
What is the thousands digit of 2218143?
8
What is the thousands digit of 110884?
0
What is the units digit of 545250?
0
What is the millions digit of 1687924?
1
What is the units digit of 185843?
3
What is the millions digit of 1893019?
1
What is the thousands digit of 7229366?
9
What is the thousands digit of 691333?
1
What is the millions digit of 1640305?
1
What is the units digit of 1572805?
5
What is the hundred thousands digit of 932351?
9
What is the thousands digit of 1852291?
2
What is the hundred thousands digit of 475142?
4
What is the thousands digit of 233049?
3
What is the hundred thousands digit of 666201?
6
What is the millions digit of 11879862?
1
What is the hundred thousands digit of 223534?
2
What is the thousands digit of 6213238?
3
What is the hundred thousands digit of 789580?
7
What is the thousands digit of 99368?
9
What is the millions digit of 9603111?
9
What is the hundred thousands digit of 710160?
7
What is the millions digit of 8589159?
8
What is the hundred thousands digit of 102982?
1
What is the hundred thousands digit of 221098?
2
What is the tens digit of 1217455?
5
What is the thousands digit of 4946547?
6
What is the units digit of 1283595?
5
What is the millions digit of 9614321?
9
What is the ten thousands digit of 2452125?
5
What is the thousands digit of 962145?
2
What is the units digit of 1891086?
6
What is the ten thousands digit of 1228780?
2
What is the units digit of 5075923?
3
What is the tens digit of 100726?
2
What is the hundreds digit of 621142?
1
What is the ten thousands digit of 291223?
9
What is the hundreds digit of 198429?
4
What is the tens digit of 21217295?
9
What is the hundred thousands digit of 3773202?
7
What is the hundred thousands digit of 2100619?
1
What is the thousands digit of 53042?
3
What is the hundreds digit of 634842?
8
What is the hundred thousands digit of 240172?
2
What is the hundred thousands digit of 273596?
2
What is the ten thousands digit of 202778?
0
What is the millions digit of 1098532?
1
What is the hundreds digit of 6744?
7
What is the units digit of 531749?
9
What is the units digit of 6324895?
5
What is the millions digit of 15770387?
5
What is the thousands digit of 340491?
0
What is the thousands digit of 1829237?
9
What is the millions digit of 5137716?
5
What is the units digit of 19508632?
2
What is the hundreds digit of 1598191?
1
What is the units digit of 561537?
7
What is the thousands digit of 12909740?
9
What is the hundred thousands digit of 201699?
2
What is the units digit of 16260?
0
What is the hundred thousands digit of 1285297?
2
What is the hundred thousands digit of 5689684?
6
What is the ten thousands digit of 12959010?
5
What is the thousands digit of 83789?
3
What is the hundred thousands digit of 3173544?
1
What is the hundred thousands digit of 493656?
4
What is the ten thousands digit of 467512?
6
What is the hundreds digit of 911925?
9
What is the ten thousands digit of 1130489?
3
What is the ten thousands digit of 1303562?
0
What is the ten millions digit of 28267033?
2
What is the hundred thousands digit of 462902?
4
What is the hundreds digit of 2053661?
6
What is the millions digit of 5204572?
5
What is the ten thousands digit of 11055770?
5
What is the ten millions digit of 11381137?
1
What is the hundreds digit of 2551305?
3
What is the tens digit of 1110763?
6
What is the hundred thousands digit of 1125334?
1
What is the hundreds digit of 1111641?
6
What is the thousands digit of 924671?
4
What is the tens digit of 2414304?
0
What is the ten thousands digit of 230370?
3
What is the hundred thousands digit of 4827370?
8
What is the ten thousands digit of 347003?
4
What is the hundred thousands digit of 7330339?
3
What is the tens digit of 56368?
6
What is the thousands digit of 74067?
4
What is the ten thousands digit of 236949?
3
What is the hundreds digit of 4902924?
9
What is the hundred thousands digit of 273512?
2
What is the ten thousands digit of 139624?
3
What is the hundreds digit of 2027513?
5
What is the thousands digit of 14837032?
7
What is the ten thousands digit of 609554?
0
What is the units digit of 966400?
0
What is the hundred thousands digit of 1006766?
0
What is the hundred thousands digit of 1218332?
2
What is the tens digit of 929187?
8
What is the units digit of 2655030?
0
What is the hundreds digit of 423401?
4
What is the thousands digit of 5153200?
3
What is the tens digit of 35099133?
3
What is the millions digit of 6029345?
6
What is the thousands digit of 3054104?
4
What is the thousands digit of 1491517?
1
What is the ten thousands digit of 19777808?
7
What is the thousands digit of 15807?
5
What is the tens digit of 21993414?
1
What is the hundred thousands digit of 1150166?
1
What is the hundred thousands digit of 12323771?
3
What is the hundred thousands digit of 152399?
1
What is the ten millions digit of 14893320?
1
What is the units digit of 50715?
5
What is the hundred thousands digit of 155839?
1
What is the thousands digit of 14207982?
7
What is the units digit of 3214010?
0
What is the hundreds digit of 6663053?
0
What is the thousands digit of 243065?
3
What is the tens digit of 1842181?
8
What is the ten millions digit of 12800025?
1
What is the tens digit of 522907?
0
What is the thousands digit of 6822945?
2
What is the ten millions digit of 18829084?
1
What is the hundreds digit of 345943?
9
What is the hundred thousands digit of 7872053?
8
What is the ten thousands digit of 14273095?
7
What is the ten thousands digit of 5873268?
7
What is the ten thousands digit of 64283?
6
What is the ten thousands digit of 146871?
4
What is the thousands digit of 879528?
9
What is the units digit of 599088?
8
What is the ten thousands digit of 483286?
8
What is the hundred thousands digit of 18818893?
8
What is the hundreds digit of 194546?
5
What is the hundreds digit of 213687?
6
What is the units digit of 210629?
9
What is the thousands digit of 6035816?
5
What is the hundreds digit of 403138?
1